07 - 3898. Calculate the remainder when 747 is divided by k.
0
Let i = -117 + 195. Suppose 5*p - 13 + i = c, 3*c - p - 167 = 0. Suppose -14*u + 105 = -301. Calculate the remainder when c is divided by u.
26
Let l = -29 + 157. Let v = l - 105. Calculate the remainder when 1869/(-14)*2/(-3) is divided by v.
20
Suppose 95 = 2*p + 5*p - 325. Calculate the remainder when 361 is divided by p.
1
Suppose -2*u - 54 = -5*t, 0 = 4*t - 5*t + 2*u + 6. Let q(n) = -n**3 + n**2 - 71. Let a be q(0). Let m = 106 + a. Calculate the remainder when m is divided by t.
11
Suppose h = -5*p + 398, h = 6*h + 35. What is the remainder when 776 is divided by p?
47
Let k = -15476 + 15500. Calculate the remainder when 2131 is divided by k.
19
Suppose 112 = 3*f - 26. Suppose -2*h - 2*h = 3*o + 210, 0 = -h - 4*o - f. What is the remainder when (0 - h) + 0 + 2 is divided by 15?
11
Let m = -132 - -201. Suppose 4*b - 3*r = 87, -r - m = 4*b - 7*b. Let n(p) = -2*p**3 + p**2 + 4*p + 3. What is the remainder when b is divided by n(-2)?
9
Let m be (-9)/((-5 + 2)/3). Suppose 5 - m = -2*i. Suppose 2*a - 128 = -i*a. What is the remainder when 191 is divided by a?
31
Suppose 0 = -121*g + 78*g + 34142. Calculate the remainder when g is divided by 15.
14
Let w(f) = f**3 + 3*f**2 - 5*f - 1. Suppose -68*x + 83*x - 105 = 0. What is the remainder when x is divided by w(-4)?
1
What is the remainder when 1553 is divided by 242/5 - 704/(-440)?
3
Let m(w) = 4*w**2 - w - 2. Let d(u) = -u**3 - u**2 + 15*u + 24. Let h be d(-4). Calculate the remainder when (112/h)/((-16)/(-120)) is divided by m(-3).
33
Suppose -522 = 11*f - 20*f. Suppose -x = -3*x + 4*u + 54, 2*x - f = 5*u. Let r(j) = 7*j**2 + 2*j + 2. Calculate the remainder when r(3) is divided by x.
14
Let s = 13997 + -13898. Calculate the remainder when 614 is divided by s.
20
Let c = 19772 + -19738. Calculate the remainder when 2035 is divided by c.
29
Let m(o) = -o**3 - 16*o**2 + 17*o + 38. Let c be 3/(-5 + (-20)/(-5)). What is the remainder when (1768/12 - -2) + c/9 is divided by m(-17)?
35
Let x = -31 + 54. Suppose 133*i - 80 = 125*i. What is the remainder when x is divided by i?
3
Suppose -170 = -2*w - 3*x, 36*w - 320 = 32*w - x. What is the remainder when w is divided by 10?
9
Calculate the remainder when 1564 is divided by 34 + -5 + 3*(-4 + 5).
28
Suppose -3*r = -4*v - 284 + 81, -4*r - 5*v + 219 = 0. Calculate the remainder when 2616 is divided by r.
54
Let c = 89 - 74. Suppose -4*z = p - 8, p + 7 = 4*z + c. Calculate the remainder when (0 + 1 - -28)*1 is divided by p.
5
Let t(u) = -2*u**2 - 22*u - 53. Let j be t(-14). Let y = j - -154. What is the remainder when 236 is divided by y?
15
Let z(u) = 119*u**2 + 19*u - 17. What is the remainder when z(1) is divided by 19?
7
Calculate the remainder when (663/104)/(4/352) is divided by 45.
21
Let b(q) = q**3 + 20*q**2 - 16 - 10*q**2 + q + q + q. Let v be b(-5). Let s = v + -30. Calculate the remainder when s is divided by 6.
4
Let x(q) = q**2 + 252*q - 2068. Calculate the remainder when 191 is divided by x(8).
11
Let p(u) = -u**2 + 7*u - 6. Calculate the remainder when (-18)/1 + (-1517)/37 + 94 is divided by p(5).
3
Let z = -96 + 99. Let v(s) = 8*s**2 + 7*s - 6. Suppose 0 = u - 2*u + y + 11, -4*u + 2*y = -44. What is the remainder when v(z) is divided by u?
10
Let u(d) = d**3 - 15*d**2 + 18*d - 10. Let i be 0 - -10 - (1/1 - 6). What is the remainder when u(i) is divided by 29?
28
Suppose -4*m + 4*o - 541 = 9*o, -5*m = 2*o + 672. What is the remainder when (-6)/(-12) - m/4 is divided by (5/4)/((-47)/16 + 3)?
14
Suppose 6*t = -35 + 47. What is the remainder when ((-1)/t*-21)/(9/90) is divided by 12?
9
Suppose -2*h + 1198 + 2350 = 3*a, -a - 4*h = -1206. Calculate the remainder when a is divided by 236.
234
Let b = -301 + 287. Calculate the remainder when 230 is divided by ((-23)/(-46))/((-15)/b + -1).
6
Let h(v) = 3*v**3 - 2*v**2 + 2*v + 1. Let s be h(1). Suppose -50*r - s*m + 21 = -49*r, 4*r + 4*m = 120. What is the remainder when 194 is divided by r?
29
Suppose 5*q + 76 = -i, 0 = -7*i + 5*i - 3*q - 145. Let s = 95 + i. What is the remainder when 68 is divided by s?
20
Suppose 0 = 4*x + 7*x - 112947 + 112925. Let l(g) = 3*g**2 + 3*g + 1. What is the remainder when l(-2) is divided by x?
1
Suppose 3*r - 3*g - 318 = 0, -4*r + 235 + 192 = -3*g. Let b = -2 + 36. Let l = b + -12. Calculate the remainder when r is divided by l.
21
Let p(n) = 2*n**2 - 7*n - 8. Let a be p(4). Calculate the remainder when -10 - -151 - 16/a is divided by 19.
12
Suppose -3*g = -9, -4*g - 36 = -5*u + u. Suppose -5*h + u*h + 14 = 0. What is the remainder when (-307)/h - 39/26 is divided by 22?
20
Let d = -34 + 59. Let o = 9355 - 9342. What is the remainder when d is divided by o?
12
Suppose -7*n - 56 = -3*n. Let p = 34 + n. What is the remainder when 35/(-2)*(10 - 12) is divided by p?
15
Let m = 4397 - 4362. What is the remainder when 501 is divided by m?
11
Let p(w) = 3*w**3 - 122*w**2 - 165*w - 44. What is the remainder when 162 is divided by p(42)?
80
Suppose 9 = 3*h - 21. Suppose -252306*b + 252298*b = -224. What is the remainder when b is divided by h?
8
Suppose 5*u = 9*u - 12. Suppose o + u*o - 383 = -5*k, 0 = 5*k + o - 392. What is the remainder when k is divided by 17?
11
Let j = -1182 - -843. Let o = -204 - j. Suppose 99 = v + 5*r, -v = -2*v + 4*r + o. What is the remainder when v is divided by 30?
29
Let h(o) = 141*o**3 - 3*o**2 + 3*o - 2. Let z be h(1). Suppose 0 = -0*a - a + 1, -5*a - 97 = 2*s. Let q = z - s. What is the remainder when q is divided by 48?
46
What is the remainder when 946 is divided by (-78)/(-15) + -4 + ((-6083)/(-35) - -8)?
31
Let t = 41313 + -41163. Suppose -2*o = 3*y - 76, 2*o + 5*y + 114 = 5*o. Calculate the remainder when t is divided by o.
36
Suppose 2*b - 56 = -3*d + 66, 122 = 2*b - d. What is the remainder when 287 is divided by b?
43
Let m(p) = -8*p + 12. Let f be m(-10). Let j = 109 - f. Let g(k) = k**3 + 8*k**2 + 3*k + 9. Calculate the remainder when g(-6) is divided by j.
12
Suppose 9 = 6*a - 3*a. Let k = a + 0. Suppose -k*w + 20 = -5*z - 1, -42 = -4*w + 2*z. What is the remainder when 46 is divided by w?
10
Suppose 0 = -c + 4, -4*v - 224*c = -225*c - 48. Suppose -3*o + 4*s = -14, 5*o - s = -5*s + 2. Calculate the remainder when v is divided by 17/o - 1/2.
5
Let o(u) = -22*u**2 - 670*u + 145. What is the remainder when o(-26) is divided by 193?
184
Let r be 2/16 + (-73)/8. Let j be (-12)/8*((-30)/r)/(-1). Suppose -4*x + v = 2*v - 104, -j*x = -3*v - 130. What is the remainder when 76 is divided by x?
24
Suppose 2 = 2*c, 5*c = -g + 4*g - 274. Let d = -60 + 63. Suppose d*y - 4*i - 61 = 0, -4*i - 99 = -2*y - 3*y. What is the remainder when g is divided by y?
17
Suppose 0*n = 3*n - 57. Let v(f) = 4*f - 46. Let z be v(n). Suppose 2*w - 42 = -b - 3*b, -5*b - z = -5*w. What is the remainder when 43 is divided by w?
10
Let m(d) = -d - 7. Let a be m(-7). Let f be 0 + -16 + (a - 0)/1. Calculate the remainder when 103 is divided by 2/((1/(-26))/(4/f)).
12
Suppose 0 = -5*g + w + 532, -2*g - 2*w = -132 - 88. Suppose 3*p - 3 = 0, -s + 66 = 3*s + 2*p. What is the remainder when g is divided by s?
11
Suppose -1205 - 2395 = -50*q. What is the remainder when q is divided by 8?
0
Let y = 9533 - 9189. Calculate the remainder when 1733 is divided by y.
13
Let h = -4 - -9. Let c(d) = -16*d - 16. Let v be c(7). Let f = -94 - v. What is the remainder when f is divided by h?
4
Let c(t) = t**2 - 5*t + 8. Let a(d) = d**2 - 9*d - 14. Let z be a(12). Let y = 17 - z. Calculate the remainder when c(y) is divided by 12.
10
Suppose 3*f - 28 = -x, x = 2*f + 1 - 18. Suppose i - 44 + 1 = 0. Calculate the remainder when i is divided by f.
7
Let o be -20*35/(-2)*(-13)/(-65). Suppose -2*p + 15 = c - 0*p, 0 = -3*c - p + o. What is the remainder when 114 is divided by c?
14
Let h = 14855 + -14812. Calculate the remainder when 3048 is divided by h.
38
Suppose 203880 = -27*k + 66*k + 21*k. Calculate the remainder when k is divided by 19.
16
Let s(m) = 74*m - 1686. What is the remainder when 111 is divided by s(23)?
15
Suppose -7*y + 1698 + 892 = 0. What is the remainder when y is divided by 115?
25
Let f(h) = h - 12. Let y be f(20). Suppose 5*a = 12 + y. Suppose 39 = a*g - 13. Calculate the remainder when 64 is divided by 